{"id":6472,"date":"2026-01-30T09:47:53","date_gmt":"2026-01-30T08:47:53","guid":{"rendered":"https:\/\/www.congres-perpignan.com\/carrera\/"},"modified":"2026-04-01T09:28:57","modified_gmt":"2026-04-01T07:28:57","slug":"carrera","status":"publish","type":"page","link":"https:\/\/www.congres-perpignan.com\/es\/carrera\/","title":{"rendered":"Carrera"},"content":{"rendered":"\t\t<div data-elementor-type=\"wp-page\" data-elementor-id=\"6472\" class=\"elementor elementor-6472 elementor-2321\" data-elementor-post-type=\"page\">\n\t\t\t\t<div class=\"elementor-element elementor-element-55ebeeda e-flex e-con-boxed e-con e-parent\" data-id=\"55ebeeda\" data-element_type=\"container\" data-e-type=\"container\">\n\t\t\t\t\t<div class=\"e-con-inner\">\n\t\t\t\t<div class=\"elementor-element elementor-element-289ad51 elementor-widget elementor-widget-spacer\" data-id=\"289ad51\" data-element_type=\"widget\" data-e-type=\"widget\" data-widget_type=\"spacer.default\">\n\t\t\t\t\t\t\t<div class=\"elementor-spacer\">\n\t\t\t<div class=\"elementor-spacer-inner\"><\/div>\n\t\t<\/div>\n\t\t\t\t\t\t<\/div>\n\t\t\t\t<div class=\"elementor-element elementor-element-cf47708 elementor-widget elementor-widget-heading\" data-id=\"cf47708\" data-element_type=\"widget\" data-e-type=\"widget\" data-widget_type=\"heading.default\">\n\t\t\t\t\t<h2 class=\"elementor-heading-title elementor-size-default\">Carrera<\/h2>\t\t\t\t<\/div>\n\t\t\t\t<div class=\"elementor-element elementor-element-d4912e8 elementor-widget elementor-widget-spacer\" data-id=\"d4912e8\" data-element_type=\"widget\" data-e-type=\"widget\" data-widget_type=\"spacer.default\">\n\t\t\t\t\t\t\t<div class=\"elementor-spacer\">\n\t\t\t<div class=\"elementor-spacer-inner\"><\/div>\n\t\t<\/div>\n\t\t\t\t\t\t<\/div>\n\t\t\t\t<div class=\"elementor-element elementor-element-682efaa1 elementor-widget elementor-widget-text-editor\" data-id=\"682efaa1\" data-element_type=\"widget\" data-e-type=\"widget\" data-widget_type=\"text-editor.default\">\n\t\t\t\t\t\t\t\t\t<p data-start=\"291\" data-end=\"590\">En el coraz\u00f3n del Mediterr\u00e1neo, <strong data-start=\"319\" data-end=\"340\">la Expo Congr\u00e8s de Perpi\u00f1\u00e1n<\/strong> es un lugar animado, abierto al mundo, donde se encuentran ideas, talentos y eventos a gran escala. Cada a\u00f1o organizamos congresos, ferias, ferias y eventos profesionales, posibles gracias al compromiso de nuestros equipos. <\/p><p data-start=\"291\" data-end=\"590\"> <\/p><p data-start=\"592\" data-end=\"911\">Trabajar a nuestro lado significa formar parte de una estructura de tama\u00f1o humano, impulsada por valores s\u00f3lidos: <strong data-start=\"704\" data-end=\"782\">sentido de servicio, esp\u00edritu de equipo, est\u00e1ndares profesionales y convivencia<\/strong>. Aqu\u00ed, cada trabajo cuenta y cada empleado contribuye a ofrecer una experiencia de calidad a nuestros clientes y visitantes. <\/p>\t\t\t\t\t\t\t\t<\/div>\n\t\t\t\t\t<\/div>\n\t\t\t\t<\/div>\n\t\t\t\t<\/div>\n\t\t","protected":false},"excerpt":{"rendered":"<p>Carrera En el coraz\u00f3n del Mediterr\u00e1neo, la Expo Congr\u00e8s de Perpi\u00f1\u00e1n es un lugar animado, abierto al mundo, donde se encuentran ideas, talentos y eventos a gran escala. Cada a\u00f1o organizamos congresos, ferias, ferias y eventos profesionales, posibles gracias al compromiso de nuestros equipos. Trabajar a nuestro lado significa formar parte de una estructura de [&hellip;]<\/p>\n","protected":false},"author":2,"featured_media":0,"parent":0,"menu_order":0,"comment_status":"closed","ping_status":"closed","template":"","meta":{"inline_featured_image":false,"footnotes":""},"class_list":["post-6472","page","type-page","status-publish","hentry"],"_links":{"self":[{"href":"https:\/\/www.congres-perpignan.com\/es\/wp-json\/wp\/v2\/pages\/6472","targetHints":{"allow":["GET"]}}],"collection":[{"href":"https:\/\/www.congres-perpignan.com\/es\/wp-json\/wp\/v2\/pages"}],"about":[{"href":"https:\/\/www.congres-perpignan.com\/es\/wp-json\/wp\/v2\/types\/page"}],"author":[{"embeddable":true,"href":"https:\/\/www.congres-perpignan.com\/es\/wp-json\/wp\/v2\/users\/2"}],"replies":[{"embeddable":true,"href":"https:\/\/www.congres-perpignan.com\/es\/wp-json\/wp\/v2\/comments?post=6472"}],"version-history":[{"count":2,"href":"https:\/\/www.congres-perpignan.com\/es\/wp-json\/wp\/v2\/pages\/6472\/revisions"}],"predecessor-version":[{"id":6481,"href":"https:\/\/www.congres-perpignan.com\/es\/wp-json\/wp\/v2\/pages\/6472\/revisions\/6481"}],"wp:attachment":[{"href":"https:\/\/www.congres-perpignan.com\/es\/wp-json\/wp\/v2\/media?parent=6472"}],"curies":[{"name":"wp","href":"https:\/\/api.w.org\/{rel}","templated":true}]}}

<div data-elementor-type="wp-page" data-elementor-id="6472" class="elementor elementor-6472 elementor-2321" data-elementor-post-type="page">
				<div class="elementor-element elementor-element-55ebeeda e-flex e-con-boxed e-con e-parent" data-id="55ebeeda" data-element_type="container" data-e-type="container">
					<div class="e-con-inner">
				<div class="elementor-element elementor-element-289ad51 elementor-widget elementor-widget-spacer" data-id="289ad51" data-element_type="widget" data-e-type="widget" data-widget_type="spacer.default">
							<div class="elementor-spacer">
			<div class="elementor-spacer-inner"></div>
		</div>
						</div>
				<div class="elementor-element elementor-element-cf47708 elementor-widget elementor-widget-heading" data-id="cf47708" data-element_type="widget" data-e-type="widget" data-widget_type="heading.default">
					<h2 class="elementor-heading-title elementor-size-default">Carrera</h2>				</div>
				<div class="elementor-element elementor-element-d4912e8 elementor-widget elementor-widget-spacer" data-id="d4912e8" data-element_type="widget" data-e-type="widget" data-widget_type="spacer.default">
							<div class="elementor-spacer">
			<div class="elementor-spacer-inner"></div>
		</div>
						</div>
				<div class="elementor-element elementor-element-682efaa1 elementor-widget elementor-widget-text-editor" data-id="682efaa1" data-element_type="widget" data-e-type="widget" data-widget_type="text-editor.default">
									<p data-start="291" data-end="590">En el corazón del Mediterráneo, <strong data-start="319" data-end="340">la Expo Congrès de Perpiñán</strong> es un lugar animado, abierto al mundo, donde se encuentran ideas, talentos y eventos a gran escala. Cada año organizamos congresos, ferias, ferias y eventos profesionales, posibles gracias al compromiso de nuestros equipos. </p><p data-start="291" data-end="590"> </p><p data-start="592" data-end="911">Trabajar a nuestro lado significa formar parte de una estructura de tamaño humano, impulsada por valores sólidos: <strong data-start="704" data-end="782">sentido de servicio, espíritu de equipo, estándares profesionales y convivencia</strong>. Aquí, cada trabajo cuenta y cada empleado contribuye a ofrecer una experiencia de calidad a nuestros clientes y visitantes. </p>								</div>
					</div>
				</div>
				</div>

<p>Carrera En el corazón del Mediterráneo, la Expo Congrès de Perpiñán es un lugar animado, abierto al mundo, donde se encuentran ideas, talentos y eventos a gran escala. Cada año organizamos congresos, ferias, ferias y eventos profesionales, posibles gracias al compromiso de nuestros equipos. Trabajar a nuestro lado significa formar parte de una estructura de [&hellip;]</p>
