{"id":8671,"date":"2026-01-30T09:47:53","date_gmt":"2026-01-30T08:47:53","guid":{"rendered":"https:\/\/www.congres-perpignan.com\/carrera\/"},"modified":"2026-04-28T16:48:06","modified_gmt":"2026-04-28T14:48:06","slug":"carrera","status":"publish","type":"page","link":"https:\/\/www.congres-perpignan.com\/ca\/carrera\/","title":{"rendered":"Carrera"},"content":{"rendered":"\t\t<div data-elementor-type=\"wp-page\" data-elementor-id=\"8671\" class=\"elementor elementor-8671 elementor-2321\" data-elementor-post-type=\"page\">\n\t\t\t\t<div class=\"elementor-element elementor-element-55ebeeda e-flex e-con-boxed e-con e-parent\" data-id=\"55ebeeda\" data-element_type=\"container\" data-e-type=\"container\">\n\t\t\t\t\t<div class=\"e-con-inner\">\n\t\t\t\t<div class=\"elementor-element elementor-element-289ad51 elementor-widget elementor-widget-spacer\" data-id=\"289ad51\" data-element_type=\"widget\" data-e-type=\"widget\" data-widget_type=\"spacer.default\">\n\t\t\t\t\t\t\t<div class=\"elementor-spacer\">\n\t\t\t<div class=\"elementor-spacer-inner\"><\/div>\n\t\t<\/div>\n\t\t\t\t\t\t<\/div>\n\t\t\t\t<div class=\"elementor-element elementor-element-cf47708 elementor-widget elementor-widget-heading\" data-id=\"cf47708\" data-element_type=\"widget\" data-e-type=\"widget\" data-widget_type=\"heading.default\">\n\t\t\t\t\t<h2 class=\"elementor-heading-title elementor-size-default\">Carrera<\/h2>\t\t\t\t<\/div>\n\t\t\t\t<div class=\"elementor-element elementor-element-d4912e8 elementor-widget elementor-widget-spacer\" data-id=\"d4912e8\" data-element_type=\"widget\" data-e-type=\"widget\" data-widget_type=\"spacer.default\">\n\t\t\t\t\t\t\t<div class=\"elementor-spacer\">\n\t\t\t<div class=\"elementor-spacer-inner\"><\/div>\n\t\t<\/div>\n\t\t\t\t\t\t<\/div>\n\t\t\t\t<div class=\"elementor-element elementor-element-682efaa1 elementor-widget elementor-widget-text-editor\" data-id=\"682efaa1\" data-element_type=\"widget\" data-e-type=\"widget\" data-widget_type=\"text-editor.default\">\n\t\t\t\t\t\t\t\t\t<p data-start=\"291\" data-end=\"590\">Al cor del Mediterrani, <strong data-start=\"319\" data-end=\"340\">l&#8217;Expo Congr\u00e8s de Perpiny\u00e0<\/strong> \u00e9s un lloc animat, obert al m\u00f3n, on es troben idees, talents i esdeveniments a gran escala. Cada any, organitzem congressos, fires comercials, fires i esdeveniments professionals, possibles gr\u00e0cies al comprom\u00eds dels nostres equips. <\/p><p data-start=\"291\" data-end=\"590\"> <\/p><p data-start=\"592\" data-end=\"911\">Treballar al nostre costat significa unir-se a una estructura de mida humana, impulsada per valors s\u00f2lids: <strong data-start=\"704\" data-end=\"782\">un sentit de servei, esperit d&#8217;equip, est\u00e0ndards professionals i cordialitat<\/strong>. Aqu\u00ed, cada feina compta i cada empleat contribueix a oferir una experi\u00e8ncia de qualitat als nostres clients i visitants. <\/p>\t\t\t\t\t\t\t\t<\/div>\n\t\t\t\t\t<\/div>\n\t\t\t\t<\/div>\n\t\t\t\t<\/div>\n\t\t","protected":false},"excerpt":{"rendered":"<p>Carrera Al cor del Mediterrani, l&#8217;Expo Congr\u00e8s de Perpiny\u00e0 \u00e9s un lloc animat, obert al m\u00f3n, on es troben idees, talents i esdeveniments a gran escala. Cada any, organitzem congressos, fires comercials, fires i esdeveniments professionals, possibles gr\u00e0cies al comprom\u00eds dels nostres equips. Treballar al nostre costat significa unir-se a una estructura de mida humana, [&hellip;]<\/p>\n","protected":false},"author":2,"featured_media":0,"parent":0,"menu_order":0,"comment_status":"closed","ping_status":"closed","template":"","meta":{"inline_featured_image":false,"footnotes":""},"class_list":["post-8671","page","type-page","status-publish","hentry"],"_links":{"self":[{"href":"https:\/\/www.congres-perpignan.com\/ca\/wp-json\/wp\/v2\/pages\/8671","targetHints":{"allow":["GET"]}}],"collection":[{"href":"https:\/\/www.congres-perpignan.com\/ca\/wp-json\/wp\/v2\/pages"}],"about":[{"href":"https:\/\/www.congres-perpignan.com\/ca\/wp-json\/wp\/v2\/types\/page"}],"author":[{"embeddable":true,"href":"https:\/\/www.congres-perpignan.com\/ca\/wp-json\/wp\/v2\/users\/2"}],"replies":[{"embeddable":true,"href":"https:\/\/www.congres-perpignan.com\/ca\/wp-json\/wp\/v2\/comments?post=8671"}],"version-history":[{"count":2,"href":"https:\/\/www.congres-perpignan.com\/ca\/wp-json\/wp\/v2\/pages\/8671\/revisions"}],"predecessor-version":[{"id":8698,"href":"https:\/\/www.congres-perpignan.com\/ca\/wp-json\/wp\/v2\/pages\/8671\/revisions\/8698"}],"wp:attachment":[{"href":"https:\/\/www.congres-perpignan.com\/ca\/wp-json\/wp\/v2\/media?parent=8671"}],"curies":[{"name":"wp","href":"https:\/\/api.w.org\/{rel}","templated":true}]}}

<div data-elementor-type="wp-page" data-elementor-id="8671" class="elementor elementor-8671 elementor-2321" data-elementor-post-type="page">
				<div class="elementor-element elementor-element-55ebeeda e-flex e-con-boxed e-con e-parent" data-id="55ebeeda" data-element_type="container" data-e-type="container">
					<div class="e-con-inner">
				<div class="elementor-element elementor-element-289ad51 elementor-widget elementor-widget-spacer" data-id="289ad51" data-element_type="widget" data-e-type="widget" data-widget_type="spacer.default">
							<div class="elementor-spacer">
			<div class="elementor-spacer-inner"></div>
		</div>
						</div>
				<div class="elementor-element elementor-element-cf47708 elementor-widget elementor-widget-heading" data-id="cf47708" data-element_type="widget" data-e-type="widget" data-widget_type="heading.default">
					<h2 class="elementor-heading-title elementor-size-default">Carrera</h2>				</div>
				<div class="elementor-element elementor-element-d4912e8 elementor-widget elementor-widget-spacer" data-id="d4912e8" data-element_type="widget" data-e-type="widget" data-widget_type="spacer.default">
							<div class="elementor-spacer">
			<div class="elementor-spacer-inner"></div>
		</div>
						</div>
				<div class="elementor-element elementor-element-682efaa1 elementor-widget elementor-widget-text-editor" data-id="682efaa1" data-element_type="widget" data-e-type="widget" data-widget_type="text-editor.default">
									<p data-start="291" data-end="590">Al cor del Mediterrani, <strong data-start="319" data-end="340">l&#8217;Expo Congrès de Perpinyà</strong> és un lloc animat, obert al món, on es troben idees, talents i esdeveniments a gran escala. Cada any, organitzem congressos, fires comercials, fires i esdeveniments professionals, possibles gràcies al compromís dels nostres equips. </p><p data-start="291" data-end="590"> </p><p data-start="592" data-end="911">Treballar al nostre costat significa unir-se a una estructura de mida humana, impulsada per valors sòlids: <strong data-start="704" data-end="782">un sentit de servei, esperit d&#8217;equip, estàndards professionals i cordialitat</strong>. Aquí, cada feina compta i cada empleat contribueix a oferir una experiència de qualitat als nostres clients i visitants. </p>								</div>
					</div>
				</div>
				</div>

<p>Carrera Al cor del Mediterrani, l&#8217;Expo Congrès de Perpinyà és un lloc animat, obert al món, on es troben idees, talents i esdeveniments a gran escala. Cada any, organitzem congressos, fires comercials, fires i esdeveniments professionals, possibles gràcies al compromís dels nostres equips. Treballar al nostre costat significa unir-se a una estructura de mida humana, [&hellip;]</p>
