{"id":8556,"date":"2026-01-30T10:03:23","date_gmt":"2026-01-30T09:03:23","guid":{"rendered":"https:\/\/www.congres-perpignan.com\/informacio-practica\/"},"modified":"2026-04-28T16:47:55","modified_gmt":"2026-04-28T14:47:55","slug":"informacio-practica","status":"publish","type":"page","link":"https:\/\/www.congres-perpignan.com\/ca\/informacio-practica\/","title":{"rendered":"Informaci\u00f3 pr\u00e0ctica"},"content":{"rendered":"<p>Situada al cor de la ciutat, <b>la Perpignan Congr\u00e8s Expo <\/b>\u00e9s f\u00e0cilment accessible independentment del teu mitj\u00e0 de transport.<\/p>\n","protected":false},"excerpt":{"rendered":"<p>Situada al cor de la ciutat, la Perpignan Congr\u00e8s Expo \u00e9s f\u00e0cilment accessible independentment del teu mitj\u00e0 de transport.<\/p>\n","protected":false},"author":2,"featured_media":0,"parent":0,"menu_order":0,"comment_status":"closed","ping_status":"closed","template":"","meta":{"inline_featured_image":false,"footnotes":""},"class_list":["post-8556","page","type-page","status-publish","hentry"],"_links":{"self":[{"href":"https:\/\/www.congres-perpignan.com\/ca\/wp-json\/wp\/v2\/pages\/8556","targetHints":{"allow":["GET"]}}],"collection":[{"href":"https:\/\/www.congres-perpignan.com\/ca\/wp-json\/wp\/v2\/pages"}],"about":[{"href":"https:\/\/www.congres-perpignan.com\/ca\/wp-json\/wp\/v2\/types\/page"}],"author":[{"embeddable":true,"href":"https:\/\/www.congres-perpignan.com\/ca\/wp-json\/wp\/v2\/users\/2"}],"replies":[{"embeddable":true,"href":"https:\/\/www.congres-perpignan.com\/ca\/wp-json\/wp\/v2\/comments?post=8556"}],"version-history":[{"count":1,"href":"https:\/\/www.congres-perpignan.com\/ca\/wp-json\/wp\/v2\/pages\/8556\/revisions"}],"predecessor-version":[{"id":8560,"href":"https:\/\/www.congres-perpignan.com\/ca\/wp-json\/wp\/v2\/pages\/8556\/revisions\/8560"}],"wp:attachment":[{"href":"https:\/\/www.congres-perpignan.com\/ca\/wp-json\/wp\/v2\/media?parent=8556"}],"curies":[{"name":"wp","href":"https:\/\/api.w.org\/{rel}","templated":true}]}}

Informació pràctica

<p>Situada al cor de la ciutat, <b>la Perpignan Congrès Expo </b>és fàcilment accessible independentment del teu mitjà de transport.</p>

<p>Situada al cor de la ciutat, la Perpignan Congrès Expo és fàcilment accessible independentment del teu mitjà de transport.</p>
